is the greatest common divisor of o and l?
12
Let q(p) = 14*p - 175. Let i be q(20). Let f(m) = m**3 + 3*m**2 - 5*m. Let v be f(-5). Let y = 67 + v. What is the greatest common divisor of i and y?
21
Suppose -5*x = o - 358, 0 = 2*x + 2*x + 3*o - 282. What is the greatest common factor of 8 and x?
8
Let v(k) = -k**3 - 9*k**2 - 4*k + 5. Let r be v(-7). Let u = 95 + r. Calculate the greatest common factor of u and 15.
15
Let b = 11 - 11. Let k = 19 + b. Calculate the greatest common divisor of 114 and k.
19
Suppose -2*z + 2 = -o, -2*z = 3*z - 10. Suppose o*j - 4 = 2. Calculate the highest common factor of j and 33.
3
Suppose 2*r = -4*m + 100, -4*r + r + 3*m = -141. Calculate the highest common divisor of r and 6.
6
Suppose 19*l - 14*l - 325 = 0. Suppose 0 = 3*c + 2*k - 56 - 12, -3*k = 15. Calculate the greatest common factor of l and c.
13
Let z(v) = 4*v**2 - 5*v - 17. Let r be z(7). Calculate the greatest common factor of 16 and r.
16
Let k be 4/14 - 12/(-7). Let t = k - -3. Suppose 3*g - t*g = -112. What is the highest common divisor of 8 and g?
8
Let t(h) = -2*h + 10. Let o be t(6). Let n(m) = m**3 + 5*m**2 - 2. Let k be n(o). What is the greatest common divisor of 80 and k?
10
Suppose 0 = -3*f + 5*n - 2*n + 243, -5*f - 3*n + 373 = 0. Let g = -36 + 43. Calculate the highest common factor of g and f.
7
Let m = -4 - -3. Let s be 0 + 29 + 2 + m. Let o be 59/5 - 2/(-10). What is the greatest common divisor of s and o?
6
Suppose 13 = 5*v - 57. Let r be (v - -8)/(1*2). What is the highest common factor of r and 11?
11
Let d be (-80)/30*1*-3. Calculate the highest common divisor of d and 88.
8
Suppose -5*c = 5*s + 20, -2*c - 3 = -2*s + 25. Let h = c + 13. Suppose h*g - 163 = -63. Calculate the greatest common factor of g and 10.
5
Let u = -19 + 44. Suppose 4*c - u + 5 = 0. Let f be c*(2 + 11/5). What is the highest common divisor of f and 7?
7
Let o = -1 + 15. Calculate the greatest common factor of o and 42.
14
Let x be 2/11 + ((-1281)/(-11))/3. Calculate the highest common factor of 3 and x.
3
Let d(w) = 8*w + 14. Let k be d(5). Calculate the highest common factor of k and 6.
6
Suppose -5 = -4*z + 11. Suppose -r = 3*u + 1 - 36, -z*u = r - 37. Let a = r - 16. What is the highest common divisor of 91 and a?
13
Let a be ((-2)/3)/((-3)/54). Suppose 0*u + 3*u = a. Calculate the highest common divisor of 44 and u.
4
Suppose 3*g - 8 = -v + 12, -40 = -2*v + 5*g. Calculate the greatest common divisor of 60 and v.
20
Suppose -2*d + 18 - 7 = 3*x, 5*x - 15 = -5*d. Suppose 0*j - j = -4. Suppose -p - 165 = -j*p. What is the highest common divisor of x and p?
5
Let d(r) = -r**2 + 2*r + 1. Let c be d(2). Let n = 4 - c. Let v be (-6*n)/(1/(-1)). What is the greatest common factor of 27 and v?
9
Let f(h) be the first derivative of -h**3/3 - h**2/2 + 4*h - 1. Let w be f(-3). Let a be ((-40)/(-2))/(-1)*w. What is the greatest common divisor of a and 5?
5
Let g be (-2)/((-4)/(-10)*-1). Suppose g*l - 421 = -4*t, 3*t - 2*l - 2*l = 308. What is the highest common factor of 13 and t?
13
Let c = -63 + 111. Let k = 4 + 0. Suppose k*t = 68 - 4. What is the greatest common factor of t and c?
16
Let k(r) = -6*r**3. Let z be k(1). Let h = z + 13. Let n(j) = -j**2 - 4*j + 1. Let q be n(-4). What is the greatest common factor of h and q?
1
Suppose -l + 2 = -3. Suppose l = 4*j - 3. What is the highest common factor of 16 and j?
2
Suppose 4*g - 196 = 4*u, -92 = g - 3*g - 4*u. Let l(h) = 2*h + 2. Let q be l(5). Calculate the greatest common divisor of g and q.
12
Let x(d) = -d**2 - 13*d + 2. Let w be x(-11). What is the highest common divisor of w and 3?
3
Let i be ((-3)/(-2))/((-2)/(-12)). Let a = -6 + 10. Suppose -4*d - 3*h = -192, -a*d - h + 2*h = -176. Calculate the greatest common factor of i and d.
9
Let c be 5/(-5) - -3*2. Suppose 0 = -c*d + 2*j + 128, -d + 3*j + 23 = -0*d. Let w = 108 - 69. Calculate the greatest common factor of w and d.
13
Suppose g - 2 = -2*y - 0*y, 0 = -g. Let o be (-2 - 1*-2) + -1. Let n be 3/o*1/(-3). Calculate the greatest common divisor of y and n.
1
Let g = 7 + 5. Suppose -2*s - g = -6*p + 3*p, -30 = -3*p - 4*s. Calculate the greatest common factor of p and 42.
6
Let l(x) = 8*x**2 - 2*x - 3. Let n = 3 - 0. Let s be l(n). Calculate the greatest common factor of 42 and s.
21
Let y = 54 - 53. What is the greatest common factor of 15 and y?
1
Let a(y) = -3*y - 16. Let m be a(7). Let i = -20 - m. Calculate the highest common factor of i and 187.
17
Let l = 50 + -18. What is the greatest common divisor of 4 and l?
4
Suppose -5*k - 151 - 14 = 0. Let i = -12 - k. What is the greatest common divisor of 189 and i?
21
Let i(m) = 32*m + 2. Let g be i(-1). Let h = -20 - g. What is the highest common divisor of 5 and h?
5
Suppose 0 = p - 5*p. Let r = 64 - 24. Suppose 2*x + r + 34 = 3*o, p = -5*o + 3*x + 125. What is the greatest common divisor of 14 and o?
14
Suppose -5*q - 888 = -8*q. Calculate the highest common divisor of 37 and q.
37
Let n = 63 + -35. What is the greatest common factor of n and 56?
28
Let i be (-385)/(-10) - (-2)/4. What is the highest common factor of 351 and i?
39
Suppose -2*u = -5*h + u + 18, 3*h + u = 22. What is the highest common factor of 9 and h?
3
Suppose -w - 4*w = -180. Suppose 9*d + 6 = 12*d. Let p be 424/8 + -1 + d. What is the highest common factor of p and w?
18
Let f = 1 + -2. Let i(y) = y + y - y - 3*y**3. Let a be i(f). What is the greatest common divisor of 14 and a?
2
Suppose 7*i - 729 - 111 = 0. What is the highest common divisor of i and 15?
15
Let z(x) = -x**2 - x + 1. Let w be z(2). Let j be (-13)/(-1)*(6 + w). Calculate the greatest common factor of j and 13.
13
Suppose -3*c = -8*c + 450. Suppose 2*t - t = 9. Calculate the greatest common divisor of t and c.
9
Suppose -u - 23 = -60. Let l be (6/(-6))/(1/u). Let h = -20 - l. Calculate the greatest common divisor of h and 119.
17
Suppose 3*i - 2*j = 259, -2*i - 3*i = 5*j - 440. Calculate the greatest common factor of i and 29.
29
Suppose -2*n = 3*n - 10. Suppose n*t - 30 = -0*t. What is the highest common divisor of 3 and t?
3
Suppose 78*j = 74*j + 432. Calculate the greatest common factor of j and 12.
12
Suppose -2*d + 5*d + 2*q - 16 = 0, -5*d - 2*q + 20 = 0. Let m be d*2/((-8)/(-2)). Calculate the greatest common divisor of 4 and m.
1
Suppose 3*u = -4*v + 47, 0 = -2*u + 5*v - 2 + 18. What is the highest common factor of u and 52?
13
Let p(t) = 2*t**2 - 2*t. Let l be p(2). Calculate the greatest common divisor of l and 20.
4
Let x = -2 + 24. Suppose -3*l = 2*q - 273, 4*q + 5*l = 413 + 130. Suppose -4*y - q = -8*y. Calculate the highest common factor of y and x.
11
Let a = 4 - 4. Suppose 0 = -2*m - a*m + 14. What is the highest common factor of 1 and m?
1
Let h be -2 + (-3 - 1)/(-1). Let y be 2*h*6/8. What is the highest common factor of y and 21?
3
Let h be 1 + (-7)/((-35)/95). What is the greatest common divisor of 50 and h?
10
Let d(s) = s**3 + 15*s**2 - 18*s - 27. Let r be d(-16). Calculate the highest common factor of r and 55.
5
Let w = 67 + -53. Calculate the greatest common divisor of 98 and w.
14
Let p = 67 - 48. Let d = 125 + -68. Calculate the greatest common factor of p and d.
19
Suppose 71 = 4*s - 17. What is the highest common divisor of s and 154?
22
Suppose -y + 0*y - 11 = 0. Let f = -8 - y. What is the highest common factor of f and 21?
3
Suppose -2*p + 4*p + 40 = 2*k, 2*p = -5*k - 12. Let r be (p/(-24))/(2/6). Suppose -4*h + 6 = -h. What is the highest common factor of h and r?
2
Let g = -80 + 105. Calculate the greatest common factor of g and 5.
5
Let z = 117 + -37. Suppose 0 = 2*h - 47 - 17. Calculate the greatest common factor of z and h.
16
Let u = 19 + 2. Let j = 2 + 0. Let s = 1 + j. Calculate the greatest common factor of s and u.
3
Let s(o) = -19*o - 3. Let g(f) = f + 1. Let t(i) = -3*g(i) + s(i). Let j be t(-6). Calculate the highest common factor of j and 14.
14
Suppose -10*z = -6*z - 40. Calculate the greatest common factor of z and 110.
10
Suppose 3*b - 138 = 2*x, -2*x - x - 9 = 0. What is the greatest common divisor of 11 and b?
11
Let q be (-8)/(-2) + 12 - -4. Calculate the highest common factor of q and 40.
20
Let b be 42/(-45)*-3*25. Suppose -v - 4*v + b = 0. What is the greatest common factor of v and 14?
14
Let x = -108 - -120. Ca